4*i - x = 0. Calculate the remainder when 82 is divided by i.
10
Let w be (-2)/(-8) - (-22)/8. Suppose w*s - 45 = 45. Suppose -2*p + 118 = s. Calculate the remainder when p is divided by 15.
14
Let i(j) = 2*j**2 + j + 6. Let t be i(0). Suppose -t*p + 14 = -40. What is the remainder when 70 is divided by p?
7
Suppose 116 = -12*s + 16*s. What is the remainder when 157 is divided by s?
12
Let s(r) = 9*r**2 - 1. Let u be (-1)/(166/232 - 9/12). Suppose 0 = -28*j + u*j - 68. Calculate the remainder when j is divided by s(-2).
33
Let n = -163 + 179. Calculate the remainder when 44 is divided by n.
12
Let k be (-1419)/22 - 2/4. Let b = -39 - k. Calculate the remainder when (-221)/(-3) - (-1)/3 is divided by b.
22
Let h = -394 + 445. Calculate the remainder when h is divided by 16.
3
Suppose -6*a = -387 - 51. Calculate the remainder when a is divided by 25.
23
Suppose 0 = a - 4*f - 12, 5*f + 50 = 3*a - 0*f. Suppose a*r - 17*r - 15 = 0. Calculate the remainder when 15 is divided by r.
0
Let j = -241 - -531. Calculate the remainder when j is divided by 98.
94
Let a(f) = 39*f + 579. What is the remainder when a(-13) is divided by 1?
0
What is the remainder when 84 is divided by (-490)/(-8) + 54/(-216)?
23
Let q = -1 - -3. Suppose 4*o = -20, -30 = p - q*p + 5*o. Suppose -38 = -p*c + 237. Calculate the remainder when c is divided by 14.
13
Let t = 705 + -587. What is the remainder when t is divided by 31?
25
Let d = -380 - -410. What is the remainder when d is divided by ((-2)/3)/((-2)/36)?
6
Suppose -875 = 35*c - 40*c. Calculate the remainder when c is divided by 56.
7
Suppose 67 - 15 = 4*p. Let m = 52 - 59. Let f(c) = -c**3 - 7*c**2 - 7*c - 13. What is the remainder when f(m) is divided by p?
10
Suppose m - 104 = -7. Suppose 3*l + 25 - m = 0. What is the remainder when l is divided by 9?
6
Let d = 337 - 247. Let p(f) = 5*f + 4. Let l be p(4). What is the remainder when d is divided by 760/l + (-2)/3?
28
Let v(i) = 5*i + 115. What is the remainder when v(-13) is divided by 6?
2
Let n(r) = -r**2 + 16*r - 29. Calculate the remainder when 118 is divided by n(13).
8
Suppose t - 1050 = -24*t. What is the remainder when 163 is divided by t?
37
Suppose 75 = 5*d - 3*v, -d + 4*v + 16 = -16. Let t be 2 - ((5 - 3) + -2). Suppose -t*h + 12 = -78. Calculate the remainder when h is divided by d.
9
Suppose -3*l = -2*t - 133, 0 = t + l - 2*l + 64. Let v = t + 80. What is the remainder when 41 is divided by v?
20
Let s = -34 - -36. Suppose s*k + 4*z - z = 101, -3*k = -2*z - 171. Suppose 0*i - 2*i = -58. Calculate the remainder when k is divided by i.
26
Suppose 0 = 2*u - 3*b - 759, -5*u + b + 758 + 1146 = 0. Let a = -234 + u. Calculate the remainder when a is divided by 25.
22
Suppose 3*o + 42 = -4*h + 123, 4*o = -2*h + 118. Suppose 0 = 5*d + 5*k - 50, -2*d + 17 + 7 = -2*k. Calculate the remainder when o is divided by d.
9
Let p = 7 + -11. Let q(a) = -a**3 - 6*a**2 - 4*a + 5. Let t be q(p). Let c = t - -31. Calculate the remainder when c is divided by 7.
6
Suppose -9*c + 93 = -6. Calculate the remainder when 404 is divided by c.
8
Let q = 84 - 58. Suppose 0 = -43*v + 58*v - 2295. What is the remainder when v is divided by q?
23
Let m = 4 + 14. Let r(f) = f**3 + 6*f**2 - 66*f - 116. Calculate the remainder when m is divided by r(-11).
3
Let v = -31 + 52. Let r(k) = 9*k**2 + 7*k - 1. Let y be r(-3). Suppose 0 = -5*b - 19 + y. What is the remainder when v is divided by b?
5
Let d be (-14)/(-4)*(-3 + 5). Let k(x) = -x**3 + 8*x**2 - 3*x + 1. Suppose 2*t + 5*v = 20, -4*v + 8*v = 0. Calculate the remainder when k(d) is divided by t.
9
Let z(v) = 100*v**3 - 2*v**2 + 1. Let d be z(-1). Let q = 130 - d. Calculate the remainder when q is divided by 39.
36
Let o be 5 + 155/40 - 2/(-16). Suppose 95 = 5*d + 4*t - o*t, -t = 5*d - 83. What is the remainder when 82 is divided by d?
14
Suppose d + 0*z - 5*z - 9 = 0, -d + 3*z + 9 = 0. Suppose 8*a - d = 271. Let g = -156 - -295. Calculate the remainder when g is divided by a.
34
Let x be (-12)/18 + 114/9. Let s = 18 - x. Suppose 56 = g + 3*g - 2*b, 3*b = -4*g + 36. Calculate the remainder when g is divided by s.
0
Suppose -2*q + 222 = 3*v - q, 4*v - 2*q = 286. Let k = v - 62. What is the remainder when k is divided by 5?
1
Let h = 0 + 2. Let n(v) = -7345 + 7345 + 3*v. What is the remainder when 27 is divided by n(h)?
3
Suppose 3*s - 4*n - 38 = 0, -n = 3*n + 20. Suppose 0 = s*o - 85 - 83. What is the remainder when 54 is divided by o?
26
Suppose -180 = -2*h - 2*h + 2*y, -38 = -h + 4*y. What is the remainder when h is divided by ((-32)/5 - -6)*(-33 - -3)?
10
Let j = 666 + -459. Calculate the remainder when j is divided by 33.
9
Let v(m) = -54*m - 312. What is the remainder when 250 is divided by v(-7)?
52
Let f = -190 + 316. Let k = f + -89. Calculate the remainder when k is divided by 19.
18
Let g = -6 + 6. Suppose 2*h + 0*h = p + 99, g = 2*h - 2*p - 104. Calculate the remainder when h is divided by 16.
15
Suppose 4*z + 4*z = 1192. Suppose -418 = -5*j - q, 2*j + 4*q - z = 29. Calculate the remainder when j is divided by 30.
23
Let i(p) = -18*p + 71. What is the remainder when 33 is divided by i(3)?
16
Let r(p) = -p**2 + 16*p - 25. Let j be r(15). Let l(n) = -n**2 - 12*n - 11. Suppose 0 = -9*g + 4*g + 170. What is the remainder when g is divided by l(j)?
7
What is the remainder when -85*((-14)/(-70))/(2/(-6)) is divided by 28?
23
Let b = 28 + 0. Suppose 53*u = 73*u - 2220. What is the remainder when u is divided by b?
27
Suppose 102 = 2*y + 4*t, -2*y + 3*t = t - 126. Calculate the remainder when y is divided by 44.
15
Let z be 30/(-105) - (-4)/14. Suppose 3*g - 87 = -z*g. What is the remainder when g is divided by 15?
14
Let r(o) = -o + 28. Suppose 2*y - y + 7 = -4*v, 0 = -5*y - v - 16. Calculate the remainder when r(0) is divided by ((-1980)/99)/((y - 0) + 1).
8
Suppose k - 21 = 5*t, -5*k + 5*t = 3*t - 82. Calculate the remainder when 34 is divided by k.
2
Suppose 3*g = -g + 80. Suppose 4*u - g - 44 = 0. What is the remainder when (-124)/(-2) + (-3)/3 is divided by u?
13
Suppose -4*j + 28 = -2*v, 4*v + 36 = 5*j - j. Let b be 3/v - 1883/28. Calculate the remainder when 67 is divided by (6/(-24))/(1/b).
16
Let b be 1/((-12)/592*(-1)/3). Suppose 0 = -4*g + 2*g - k + 58, 0 = -5*g - 4*k + b. Calculate the remainder when 55 is divided by g.
27
Suppose -10*w = -309 - 161. Let i = 239 - 169. Suppose 0 = -0*u - u - 2, -5*u = 5*m - i. What is the remainder when w is divided by m?
15
Let h = -24 - -29. What is the remainder when 67 is divided by h?
2
Let a = -23 - -28. Suppose 0*k - 41 = a*r - k, -8 = 2*k. Calculate the remainder when 1512/20 + r/15 is divided by 13.
10
Let f be 6/(-4) - (-1)/(-2). Calculate the remainder when 46 is divided by 7 + (15/(-5) - f).
4
Let o = -22 + 2. Let m = 60 + o. Calculate the remainder when 77 is divided by m.
37
Suppose -7*f + 3*f = -92. Let k be (-1820)/6 - (-4)/12. Calculate the remainder when 4/(-14) - k/7 is divided by f.
20
Let b(n) = -3*n - 9. Let h be b(-5). Suppose c = -1 + h. Suppose 0 = c*t - 11 - 9. What is the remainder when 7 is divided by t?
3
Let f(t) = -25*t + 365. What is the remainder when 1357 is divided by f(13)?
37
Suppose q - 103 = -6*w + 2*w, 0 = w - 4*q - 47. Calculate the remainder when 321 is divided by w.
24
Let u(g) = -g**2 - 2*g + 25. Suppose -5*f + f + 16 = 2*p, -5*p - 2*f + 64 = 0. What is the remainder when u(0) is divided by 2/((-2)/p*-1)?
11
Let n be -2*(-2)/(-4)*-1. Suppose 4*k - 5 = -n. Calculate the remainder when 21 is divided by (k/2)/((-4)/(-88)).
10
Let k be 2*(3/3)/1. Suppose -2*m = c - 9, 0 = -6*c + 3*c + k*m + 3. Let y(t) = t**3 + 6*t**2 + 7. Calculate the remainder when y(-6) is divided by c.
1
Let k = 132 + -20. What is the remainder when 33 is divided by (-2)/(-8) + 1876/k?
16
Calculate the remainder when 434 is divided by (10/(-6) - -1)*(-1566)/12.
86
Suppose f - 2 - 1 = 0. Suppose 26 + 37 = f*a. Calculate the remainder when 9 is divided by 26/7 - (-6)/a.
1
Let p = -704 - -719. What is the remainder when p is divided by 4?
3
Suppose k - 4 - 16 = 0. Suppose 0 = 2*l - 3*m - 5, -5*l + l = 4*m - k. Suppose -3*z + 36 = -0*b + 3*b, -25 = -5*z. What is the remainder when b is divided by l?
3
Let s be -2 + (-4 - (-8)/4). Let b(u) = u**2 + 4*u + 2. Let i be b(s). Calculate th